{"id":78,"date":"2014-12-17T12:21:21","date_gmt":"2014-12-17T12:21:21","guid":{"rendered":"http:\/\/lemoulinah.cluster020.hosting.ovh.net\/index.php\/home\/"},"modified":"2023-11-24T22:57:06","modified_gmt":"2023-11-24T21:57:06","slug":"home","status":"publish","type":"page","link":"https:\/\/www.lemoulindecanteloup.com\/","title":{"rendered":"Accueil"},"content":{"rendered":"<section class=\"section  text-normal section-text-no-shadow section-inner-no-shadow section-normal section-opaque\" >\n    \n    <div class=\"background-overlay grid-overlay-0 \" style=\"background-color: rgba(0,0,0,0);\"><\/div>\n\n    <div class=\"container-fullwidth container-vertical-default\">\n        <div class=\"row vertical-default\">\n            <div class=\"col-md-12     text-default small-screen-default\"  >[rev_slider_vc alias=\u00a0\u00bbslider1fr\u00a0\u00bb]<\/div>        <\/div>\n    <\/div>\n<\/section><section class=\"section  text-normal section-text-no-shadow section-inner-no-shadow section-normal section-opaque\" >\n            <div class=\"background-media\" style=\"background-image: url(&#039;https:\/\/www.lemoulindecanteloup.com\/wp-content\/uploads\/2014\/12\/IMG_3736_1600.jpg&#039;); background-repeat:no-repeat; background-size:cover; background-attachment:fixed; background-position: 50% 0%;\" data-start=\"background-position: 50% 0px\" data-0-top-bottom=\"background-position: 50% -80px\">\n                    <\/div>\n    \n    <div class=\"background-overlay grid-overlay-0 \" style=\"background-color: rgba(86,154,167,0);\"><\/div>\n\n    <div class=\"container-fullwidth container-vertical-middle\">\n        <div class=\"row vertical-middle\">\n            <div class=\"col-md-6     text-default small-screen-default\"  style=\"background:rgba(255, 255, 255, 0.95);\"><div class=\"row \"><div class=\"col-md-2     text-default small-screen-default\"  ><\/div><div class=\"col-md-8     text-center small-screen-default\"  ><h2 class=\"text-default  element-top-100 element-bottom-0 text-normal os-animation big regular\" data-os-animation=\"fadeIn\" data-os-animation-delay=\"0.1s\" >\n    Le Moulin<\/h2><div class=\"divider-border  divider-border-center element-top-20 element-bottom-20\" data-os-animation=\"none\" data-os-animation-delay=\"0s\" >\n    <div class=\"divider-border-inner\"  style=\"background:#a6e1ff; width:90px;\"><\/div>\n<\/div><div class=\"col-text-1 text-normal  element-top-20 element-bottom-100 os-animation\" data-os-animation=\"fadeIn\" data-os-animation-delay=\"0.3s\">\n    <p>Le Moulin de Canteloup est un <strong>ancien moulin \u00e0 eau<\/strong>\u00a0dont les origines remontent au XIIIe si\u00e8cle. Restaur\u00e9 avec go\u00fbt, les b\u00e2timents ont conserv\u00e9 leur apparence rustique en pierre de taille et moellons. Entour\u00e9e de son parc arbor\u00e9 et long\u00e9e par un ruisseau, la propri\u00e9t\u00e9 offre un cadre de s\u00e9jour idyllique <strong>aux portes de Bordeaux<\/strong><\/p>\n<\/div>\n<\/div><div class=\"col-md-2     text-default small-screen-default\"  ><\/div><\/div><\/div><div class=\"col-md-6     hidden-sm hidden-xs text-center small-screen-default\"  ><div class=\"divider-wrapper \" style=\"visibility:hidden;background-color:#FFFFF\">\n    <div class=\"visible-xs\" style=\"height:200px;\"><\/div>\n    <div class=\"visible-sm\" style=\"height:200px;\"><\/div>\n    <div class=\"visible-md\" style=\"height:200px;\"><\/div>\n    <div class=\"visible-lg\" style=\"height:200px;\"><\/div>\n<\/div><\/div>        <\/div>\n    <\/div>\n<\/section><section class=\"section  text-normal section-text-no-shadow section-inner-no-shadow section-normal section-opaque\" >\n            <div class=\"background-media\" style=\"background-image: url(&#039;https:\/\/www.lemoulindecanteloup.com\/wp-content\/uploads\/2023\/11\/chambre-accueil.jpg&#039;); background-repeat:no-repeat; background-size:cover; background-attachment:fixed; background-position: 50% 0%;\" data-start=\"background-position: 50% 0px\" data-0-top-bottom=\"background-position: 50% -80px\">\n                    <\/div>\n    \n    <div class=\"background-overlay grid-overlay-0 \" style=\"background-color: rgba(86,154,167,0);\"><\/div>\n\n    <div class=\"container-fullwidth container-vertical-middle\">\n        <div class=\"row vertical-middle\">\n            <div class=\"col-md-6     text-default small-screen-default\"  ><div class=\"divider-wrapper \" style=\"visibility:hidden;background-color:#FFFFF\">\n    <div class=\"visible-xs\" style=\"height:200px;\"><\/div>\n    <div class=\"visible-sm\" style=\"height:200px;\"><\/div>\n    <div class=\"visible-md\" style=\"height:200px;\"><\/div>\n    <div class=\"visible-lg\" style=\"height:200px;\"><\/div>\n<\/div><\/div><div class=\"col-md-6     text-center small-screen-default\"  style=\"background:rgba(255, 255, 255, 0.95);\"><div class=\"row \"><div class=\"col-md-2     text-default small-screen-default\"  ><\/div><div class=\"col-md-8     text-center small-screen-default\"  ><h2 class=\"text-default  element-top-100 element-bottom-0 text-normal os-animation big regular\" data-os-animation=\"fadeIn\" data-os-animation-delay=\"0.1s\" >\n    Tout confort<\/h2><div class=\"divider-border  divider-border-center element-top-20 element-bottom-20\" data-os-animation=\"none\" data-os-animation-delay=\"0s\" >\n    <div class=\"divider-border-inner\"  style=\"background:#a6e1ff; width:90px;\"><\/div>\n<\/div><div class=\"col-text-1 text-normal  element-top-20 element-bottom-20 os-animation\" data-os-animation=\"fadeIn\" data-os-animation-delay=\"0.3s\">\n    <p>Avec ses<strong> 5 chambres<\/strong> am\u00e9nag\u00e9es avec go\u00fbt et sa salle de bain et ses 3 salles d&rsquo;eau, le Moulin de Canteloup peut accueillir de 10 \u00e0 14 personnes. La biblioth\u00e8que et le vaste salon articul\u00e9 autour <strong>du bar et de la chemin\u00e9e,<\/strong>\u00a0sont\u00a0\u00e9quip\u00e9s pour passer des moments de d\u00e9tente agr\u00e9ables. La <strong>cuisine d&rsquo;\u00e9t\u00e9<\/strong> vous permettra de profiter pleinement de la grande terrasse et de la piscine<\/p>\n<\/div>\n<a href=\"https:\/\/www.lemoulindecanteloup.com\/index.php\/moulin\/\" class=\"btn btn-primary   text-normal   element-left-0 element-right-0 element-top-20 element-bottom-100 os-animation\" target=\"_self\"   data-os-animation=\"fadeIn\" data-os-animation-delay=\"0.4s\">\n\t    En savoir plus     <\/a><\/div><div class=\"col-md-2     text-default small-screen-default\"  ><\/div><\/div><\/div>        <\/div>\n    <\/div>\n<\/section><section class=\"section  text-normal section-text-no-shadow section-inner-no-shadow section-normal section-opaque\" >\n            <div class=\"background-media\" style=\"background-image: url(&#039;https:\/\/www.lemoulindecanteloup.com\/wp-content\/uploads\/2014\/12\/IMG_3662_1600.jpg&#039;); background-repeat:no-repeat; background-size:cover; background-attachment:fixed; background-position: 50% 0%;\" data-start=\"background-position: 50% 0px\" data-0-top-bottom=\"background-position: 50% -80px\">\n                    <\/div>\n    \n    <div class=\"background-overlay grid-overlay-0 \" style=\"background-color: rgba(86,154,167,0);\"><\/div>\n\n    <div class=\"container-fullwidth container-vertical-middle\">\n        <div class=\"row vertical-middle\">\n            <div class=\"col-md-6     text-default small-screen-default\"  style=\"background:rgba(255, 255, 255, 0.95);\"><div class=\"row \"><div class=\"col-md-2     text-default small-screen-default\"  ><\/div><div class=\"col-md-8     text-center small-screen-default\"  ><h2 class=\"text-default  element-top-100 element-bottom-0 text-normal os-animation big regular\" data-os-animation=\"fadeIn\" data-os-animation-delay=\"0.1s\" >\n    D\u00e9tente &amp; Bien \u00catre<\/h2><div class=\"divider-border  divider-border-center element-top-20 element-bottom-20\" data-os-animation=\"none\" data-os-animation-delay=\"0s\" >\n    <div class=\"divider-border-inner\"  style=\"background:#a6e1ff; width:90px;\"><\/div>\n<\/div><div class=\"col-text-1 text-normal  element-top-20 element-bottom-20 os-animation\" data-os-animation=\"fadeIn\" data-os-animation-delay=\"0.3s\">\n    <p>Vous passerez des vacances en totale harmonie avec la nature, dans un cadre sobre et raffin\u00e9 pour la d\u00e9tente et le bien-\u00eatre. Vous vous abandonnerez au d\u00e9lice du <strong>spa;<\/strong>\u00a0le <strong>sauna infra-rouge<\/strong> et <strong>le hammam<\/strong> vous feront vivre un moment de pure relaxation. Plongez dans la <strong>grande piscine \u00e0 d\u00e9bordement<\/strong> apr\u00e8s une partie de tennis ou de boules. Vous pouvez aussi maintenir votre forme dans la <strong>salle de fitness<\/strong> ou d\u00e9couvrir la campagne environnante<\/p>\n<\/div>\n<a href=\"https:\/\/www.lemoulindecanteloup.com\/index.php\/detente-bien-etre\/\" class=\"btn btn-primary   text-normal   element-left-0 element-right-0 element-top-20 element-bottom-100 os-animation\" target=\"_self\"   data-os-animation=\"fadeIn\" data-os-animation-delay=\"0.4s\">\n\t    En savoir plus     <\/a><\/div><div class=\"col-md-2     text-default small-screen-default\"  ><\/div><\/div><\/div><div class=\"col-md-6     text-center small-screen-default\"  ><div class=\"divider-wrapper \" style=\"visibility:hidden;background-color:#FFFFF\">\n    <div class=\"visible-xs\" style=\"height:200px;\"><\/div>\n    <div class=\"visible-sm\" style=\"height:200px;\"><\/div>\n    <div class=\"visible-md\" style=\"height:200px;\"><\/div>\n    <div class=\"visible-lg\" style=\"height:200px;\"><\/div>\n<\/div><\/div>        <\/div>\n    <\/div>\n<\/section><section class=\"section  text-normal section-text-no-shadow section-inner-no-shadow section-normal section-opaque\" >\n    \n    <div class=\"background-overlay grid-overlay-0 \" style=\"background-color: rgba(0,0,0,0);\"><\/div>\n\n    <div class=\"container container-vertical-default\">\n        <div class=\"row vertical-default\">\n            <div class=\"col-md-12     text-default small-screen-default\"  ><h2 class=\"text-center  element-top-70 element-bottom-0 text-normal os-animation big regular\" data-os-animation=\"fadeIn\" data-os-animation-delay=\"0.1s\" >\n    Tout pour un s\u00e9jour de r\u00eave<\/h2><div class=\"divider-border  divider-border-center element-top-20 element-bottom-50\" data-os-animation=\"none\" data-os-animation-delay=\"0s\" >\n    <div class=\"divider-border-inner\"  style=\"background:#a6e1ff; width:90px;\"><\/div>\n<\/div><\/div>        <\/div>\n    <\/div>\n<\/section><section class=\"section  text-normal section-text-no-shadow section-inner-no-shadow section-normal section-opaque\" >\n    \n    <div class=\"background-overlay grid-overlay-0 \" style=\"background-color: rgba(0,0,0,0);\"><\/div>\n\n    <div class=\"container container-vertical-default\">\n        <div class=\"row vertical-default\">\n            <div class=\"col-md-1     text-default small-screen-default\"  ><\/div><div class=\"col-md-5     text-default small-screen-default\"  ><ul class=\"features-list  text-normal element-top-20 element-bottom-20\" data-os-animation=\"none\" data-os-animation-delay=\"0s\">\n    <li class=\" element-top-20 element-bottom-20 os-animation\"  data-os-animation=\"bounceInLeft\" data-os-animation-delay=\"0.1s\">\n            <div class=\"features-list-icon box-animate\" data-animation=\"wobble \" style=\"background-color:#d4f4c4;\">\n            <i class=\"fa fa-institution\"><\/i>\n        <\/div>\n        <h3>\n        Aux portes de Bordeaux    <\/h3>\n    <p>\n        Le Moulin de Canteloup est situ\u00e9 \u00e0 seulement 15 minutes de Bordeaux, sur la rive droite de la Garonne, et \u00e0 1h de l&rsquo;oc\u00e9an    <\/p>\n<\/li><li class=\" element-top-20 element-bottom-20 os-animation\"  data-os-animation=\"bounceInLeft\" data-os-animation-delay=\"0.3s\">\n            <div class=\"features-list-icon box-animate\" data-animation=\"wobble \" style=\"background-color:#d4f4c4;\">\n            <i class=\"fa fa-leaf\"><\/i>\n        <\/div>\n        <h3>\n        Grand parc arbor\u00e9    <\/h3>\n    <p>\n        Le parc d&rsquo;un hectare, avec son ruisseau et son \u00e9tang, vous garantie un isolement complet dans un cadre de verdure exceptionnel    <\/p>\n<\/li><li class=\" element-top-20 element-bottom-20 os-animation\"  data-os-animation=\"bounceInLeft\" data-os-animation-delay=\"0.5s\">\n            <div class=\"features-list-icon box-animate\" data-animation=\"wobble \" style=\"background-color:#d4f4c4;\">\n            <i class=\"fa fa-bed\"><\/i>\n        <\/div>\n        <h3>\n        5 chambres    <\/h3>\n    <p>\n        Avec ses 5 chambres climatis\u00e9es et ses 3 salles d&rsquo;eau et sa salle de bain, le Moulin de Canteloup peut accueillir de 10 \u00e0 14 personnes    <\/p>\n<\/li><\/ul><\/div><div class=\"col-md-5     text-default small-screen-default\"  ><ul class=\"features-list  text-normal element-top-20 element-bottom-20\" data-os-animation=\"none\" data-os-animation-delay=\"0s\">\n    <li class=\" element-top-20 element-bottom-20 os-animation\"  data-os-animation=\"bounceInRight\" data-os-animation-delay=\"0.1s\">\n            <div class=\"features-list-icon box-animate\" data-animation=\"wobble \" style=\"background-color:#d4f4c4;\">\n            <i class=\"fa fa-smile-o\"><\/i>\n        <\/div>\n        <h3>\n        Tout pour le bien \u00eatre    <\/h3>\n    <p>\n        Piscine \u00e0 d\u00e9bordement s\u00e9curis\u00e9e par 2 alarmes, sauna infra-rouge, spa, hammam, salle de fitness, terrain de tennis, table de ping-pong, boulodrome et v\u00e9los    <\/p>\n<\/li><li class=\" element-top-20 element-bottom-20 os-animation\"  data-os-animation=\"bounceInRight\" data-os-animation-delay=\"0.3s\">\n            <div class=\"features-list-icon box-animate\" data-animation=\"wobble \" style=\"background-color:#d4f4c4;\">\n            <i class=\"fa fa-cutlery\"><\/i>\n        <\/div>\n        <h3>\n        Cuisine d'\u00e9t\u00e9    <\/h3>\n    <p>\n        La cuisine d\u2019\u00e9t\u00e9 avec sa grande table de ferme est \u00e9quip\u00e9e d\u2019une plancha, d\u2019un barbecue au gaz et d\u2019une chemin\u00e9e    <\/p>\n<\/li><li class=\" element-top-20 element-bottom-60 os-animation\"  data-os-animation=\"bounceInRight\" data-os-animation-delay=\"0.5s\">\n            <div class=\"features-list-icon box-animate\" data-animation=\"wobble \" style=\"background-color:#d4f4c4;\">\n            <i class=\"fa fa-television\"><\/i>\n        <\/div>\n        <h3>\n        Salon et ses trois espaces    <\/h3>\n    <p>\n        Le salon dispose d\u2019un espace t\u00e9l\u00e9vision avec Canal +, Canalsat, cha\u00eene hifi, Wifi, d\u2019un espace chemin\u00e9e et d\u2019un espace d\u00e9tente ouvert sur la piscine    <\/p>\n<\/li><\/ul><\/div><div class=\"col-md-1     text-default small-screen-default\"  ><\/div>        <\/div>\n    <\/div>\n<\/section>\n","protected":false},"excerpt":{"rendered":"[rev_slider_vc alias=\"slider1fr\"] Le Moulin Le Moulin de Canteloup est un ancien moulin \u00e0 eau\u00a0dont les origines remontent au XIIIe si\u00e8cle. Restaur\u00e9 avec go\u00fbt, les b\u00e2timents ont conserv\u00e9 leur apparence rustique en pierre de taille et moellons. Entour\u00e9e de son parc arbor\u00e9 et long\u00e9e par un ruisseau, la propri\u00e9t\u00e9 offre un cadre de s\u00e9jour idyllique aux","protected":false},"author":1,"featured_media":0,"parent":0,"menu_order":0,"comment_status":"open","ping_status":"open","template":"","meta":{"footnotes":""},"class_list":["post-78","page","type-page","status-publish","hentry"],"_links":{"self":[{"href":"https:\/\/www.lemoulindecanteloup.com\/index.php\/wp-json\/wp\/v2\/pages\/78","targetHints":{"allow":["GET"]}}],"collection":[{"href":"https:\/\/www.lemoulindecanteloup.com\/index.php\/wp-json\/wp\/v2\/pages"}],"about":[{"href":"https:\/\/www.lemoulindecanteloup.com\/index.php\/wp-json\/wp\/v2\/types\/page"}],"author":[{"embeddable":true,"href":"https:\/\/www.lemoulindecanteloup.com\/index.php\/wp-json\/wp\/v2\/users\/1"}],"replies":[{"embeddable":true,"href":"https:\/\/www.lemoulindecanteloup.com\/index.php\/wp-json\/wp\/v2\/comments?post=78"}],"version-history":[{"count":72,"href":"https:\/\/www.lemoulindecanteloup.com\/index.php\/wp-json\/wp\/v2\/pages\/78\/revisions"}],"predecessor-version":[{"id":1439,"href":"https:\/\/www.lemoulindecanteloup.com\/index.php\/wp-json\/wp\/v2\/pages\/78\/revisions\/1439"}],"wp:attachment":[{"href":"https:\/\/www.lemoulindecanteloup.com\/index.php\/wp-json\/wp\/v2\/media?parent=78"}],"curies":[{"name":"wp","href":"https:\/\/api.w.org\/{rel}","templated":true}]}}